{"id":3720,"date":"2024-05-04T12:30:12","date_gmt":"2024-05-04T10:30:12","guid":{"rendered":"https:\/\/vigo.wordcamp.org\/2024\/?post_type=wcb_sponsor&#038;p=3720"},"modified":"2024-05-17T17:26:42","modified_gmt":"2024-05-17T15:26:42","slug":"circulo-de-empresarios-de-galicia","status":"publish","type":"wcb_sponsor","link":"https:\/\/vigo.wordcamp.org\/2024\/sponsor\/circulo-de-empresarios-de-galicia\/","title":{"rendered":"Circulo de Empresarios de Galicia"},"content":{"rendered":"\n<p class=\"wp-block-paragraph\">El <a href=\"https:\/\/circulo.gal\/\" rel=\"nofollow\">C\u00edrculo de Empresarios de Galicia<\/a>, concebido como punto de encuentro para empresarios, directivos y profesionales, se posiciona como el epicentro de los negocios en Galicia, con un enfoque particular en Vigo y su \u00e1rea metropolitana. A trav\u00e9s de sus servicios e instalaciones, los socios y accionistas pueden acceder a nuevas oportunidades comerciales, as\u00ed como a encuentros con destacadas personalidades del \u00e1mbito social, pol\u00edtico y empresarial, adem\u00e1s de recibir informaci\u00f3n econ\u00f3mica relevante.<\/p>\n\n\n\n<p class=\"wp-block-paragraph\">Desde su fundaci\u00f3n hace treinta y ocho a\u00f1os, el C\u00edrculo de Empresarios de Galicia ha mantenido una s\u00f3lida actividad, consolidando su rol como parte activa de la sociedad civil. Esta instituci\u00f3n fomenta la reflexi\u00f3n, el debate, la formulaci\u00f3n de conclusiones y propuestas destinadas a contribuir al desarrollo y bienestar socioecon\u00f3mico de Galicia.<\/p>\n\n\n\n<p class=\"wp-block-paragraph\">En este sentido, la organizaci\u00f3n considera que todas las \u00e1reas que influyen en la modernizaci\u00f3n de la comunidad son dignas de an\u00e1lisis. Asimismo, se ha dedicado a promover una cultura empresarial que responda a las exigencias del mercado actual.<\/p>\n","protected":false},"excerpt":{"rendered":"<p>El C\u00edrculo de Empresarios de Galicia, concebido como punto de encuentro para empresarios, directivos y profesionales, se posiciona como el epicentro de los negocios en Galicia, con un enfoque particular en Vigo y su \u00e1rea metropolitana. A trav\u00e9s de sus servicios e instalaciones, los socios y accionistas pueden acceder a nuevas oportunidades comerciales, as\u00ed como [&hellip;]<\/p>\n","protected":false},"featured_media":4574,"template":"","meta":{"_crdt_document":"","advanced_seo_description":"","jetpack_seo_html_title":"","jetpack_seo_noindex":false,"jetpack_post_was_ever_published":false,"_wcpt_sponsor_website":"","footnotes":""},"sponsor_level":[71],"class_list":["post-3720","wcb_sponsor","type-wcb_sponsor","status-publish","has-post-thumbnail","hentry","wcb_sponsor_level-colaborador"],"jetpack_sharing_enabled":true,"jetpack_likes_enabled":true,"jetpack_shortlink":"https:\/\/wp.me\/pftev6-Y0","_links":{"self":[{"href":"https:\/\/vigo.wordcamp.org\/2024\/wp-json\/wp\/v2\/sponsors\/3720","targetHints":{"allow":["GET"]}}],"collection":[{"href":"https:\/\/vigo.wordcamp.org\/2024\/wp-json\/wp\/v2\/sponsors"}],"about":[{"href":"https:\/\/vigo.wordcamp.org\/2024\/wp-json\/wp\/v2\/types\/wcb_sponsor"}],"version-history":[{"count":4,"href":"https:\/\/vigo.wordcamp.org\/2024\/wp-json\/wp\/v2\/sponsors\/3720\/revisions"}],"predecessor-version":[{"id":3779,"href":"https:\/\/vigo.wordcamp.org\/2024\/wp-json\/wp\/v2\/sponsors\/3720\/revisions\/3779"}],"wp:featuredmedia":[{"embeddable":true,"href":"https:\/\/vigo.wordcamp.org\/2024\/wp-json\/wp\/v2\/media\/4574"}],"wp:attachment":[{"href":"https:\/\/vigo.wordcamp.org\/2024\/wp-json\/wp\/v2\/media?parent=3720"}],"wp:term":[{"taxonomy":"wcb_sponsor_level","embeddable":true,"href":"https:\/\/vigo.wordcamp.org\/2024\/wp-json\/wp\/v2\/sponsor_level?post=3720"}],"curies":[{"name":"wp","href":"https:\/\/api.w.org\/{rel}","templated":true}]}}

<p class="wp-block-paragraph">El <a href="https://circulo.gal/" rel="nofollow">Círculo de Empresarios de Galicia</a>, concebido como punto de encuentro para empresarios, directivos y profesionales, se posiciona como el epicentro de los negocios en Galicia, con un enfoque particular en Vigo y su área metropolitana. A través de sus servicios e instalaciones, los socios y accionistas pueden acceder a nuevas oportunidades comerciales, así como a encuentros con destacadas personalidades del ámbito social, político y empresarial, además de recibir información económica relevante.</p>



<p class="wp-block-paragraph">Desde su fundación hace treinta y ocho años, el Círculo de Empresarios de Galicia ha mantenido una sólida actividad, consolidando su rol como parte activa de la sociedad civil. Esta institución fomenta la reflexión, el debate, la formulación de conclusiones y propuestas destinadas a contribuir al desarrollo y bienestar socioeconómico de Galicia.</p>



<p class="wp-block-paragraph">En este sentido, la organización considera que todas las áreas que influyen en la modernización de la comunidad son dignas de análisis. Asimismo, se ha dedicado a promover una cultura empresarial que responda a las exigencias del mercado actual.</p>

<p>El Círculo de Empresarios de Galicia, concebido como punto de encuentro para empresarios, directivos y profesionales, se posiciona como el epicentro de los negocios en Galicia, con un enfoque particular en Vigo y su área metropolitana. A través de sus servicios e instalaciones, los socios y accionistas pueden acceder a nuevas oportunidades comerciales, así como [&hellip;]</p>
