{"id":421,"date":"2024-03-05T22:57:06","date_gmt":"2024-03-05T21:57:06","guid":{"rendered":"https:\/\/vigo.wordcamp.org\/2024\/?page_id=421"},"modified":"2024-04-30T17:27:18","modified_gmt":"2024-04-30T15:27:18","slug":"llamada-ponentes","status":"publish","type":"page","link":"https:\/\/vigo.wordcamp.org\/2024\/llamada-ponentes\/","title":{"rendered":"Llamada a ponentes"},"content":{"rendered":"\n<div class=\"wp-block-group alignfull wcv-header-title has-custom-gris-background-color has-background has-global-padding is-layout-constrained wp-block-group-is-layout-constrained\" style=\"padding-top:180px;padding-bottom:50px;background-image:url(&apos;https:\/\/vigo.wordcamp.org\/2024\/files\/2024\/03\/2024-1.png&apos;);background-position:100% 0%;background-repeat:no-repeat;background-size:contain;\">\n<h1 class=\"wp-block-heading has-custom-vigo-color has-text-color has-link-color wp-elements-dd6073891a759a5db08cf24453960b5b\" style=\"margin-bottom:0px;font-size:clamp(27.894px, 1.743rem + ((1vw - 3.2px) * 2.094), 48px);\"><strong>Llamada a Ponentes<\/strong><\/h1>\n\n\n\n<h2 class=\"wp-block-heading has-contrast-color has-text-color has-link-color wp-elements-685758f609a6062ebc988987c9917a0b\" style=\"margin-top:0px;margin-bottom:0px;font-size:clamp(22.041px, 1.378rem + ((1vw - 3.2px) * 1.454), 36px);\">\u00a1Participa! Contamos contigo<\/h2>\n\n\n\n<div class=\"wp-block-buttons is-layout-flex wp-block-buttons-is-layout-flex\">\n<div class=\"wp-block-button\"><a class=\"wp-block-button__link has-custom-vigo-background-color has-background wp-element-button\" href=\"#quiero-ser-ponente\">\u00a1Me apunto!<\/a><\/div>\n<\/div>\n<\/div>\n\n\n\n<div class=\"wp-block-group has-global-padding is-layout-constrained wp-block-group-is-layout-constrained\" style=\"padding-top:50px;padding-bottom:50px\">\n<h2 class=\"wp-block-heading has-large-font-size\" style=\"font-style:normal;font-weight:400\"><strong>Participa como ponente <\/strong><br><strong>en la primera WordCamp de Vigo<\/strong><\/h2>\n\n\n\n<p class=\"wp-block-paragraph\">Aprovecha la oportunidad de mostrarte como referente en tu tema y s\u00famale calidad al evento. <strong>\u00a1Contamos contigo!<\/strong><\/p>\n\n\n\n<p class=\"wp-block-paragraph\">Esta primera WordCamp de Vigo se celebra del <strong>24 al 26 de mayo en el Palacio de Vigo<\/strong>. Queremos ofrecer 28 ponencias relacionadas con el <strong>dise\u00f1o, el desarrollo web y el marketing online<\/strong>. Ser\u00e1n charlas de <strong>30 minutos <\/strong>siempre con el objetivo de<strong> compartir tu conocimiento, inspirar <\/strong>y contribuir al crecimiento de las personas que te escuchan. Por eso <strong>no est\u00e1n permitidas charlas ni talleres sobre una marca<\/strong>.<\/p>\n\n\n\n<p class=\"wp-block-paragraph\">La charla no puede tener intenci\u00f3n comercial. Por lo dem\u00e1s, puedes darle a tu ponencia el enfoque que quieras. <strong>La WordCamp de Vigo est\u00e1 abierta a todo el mundo, <\/strong>as\u00ed que puedes dirigirte a personas con cualquier nivel de conocimiento tecnol\u00f3gico, sean principiantes o techies declarados. \u00a1An\u00edmate! Tienes <strong>hasta el 30 de abril<\/strong> para enviarnos tu propuesta. <\/p>\n<\/div>\n\n\n\n<div id=\"quiero-ser-ponente\" class=\"wp-block-group has-global-padding is-layout-constrained wp-block-group-is-layout-constrained\" style=\"padding-top:30px;padding-bottom:30px\">\n<h2 class=\"wp-block-heading has-custom-vigo-color has-text-color has-link-color wp-elements-0e0105e32413423ba4a95d9771c836d3\"><strong>Tu ponencia<\/strong><\/h2>\n\n\n\n<div class=\"wp-block-cover has-aspect-ratio\" style=\"margin-top:0;padding-top:15px;padding-right:15px;padding-bottom:15px;padding-left:15px;aspect-ratio:auto;height:unset;min-height:unset;\"><span aria-hidden=\"true\" class=\"wp-block-cover__background has-custom-vigo-background-color has-background-dim-100 has-background-dim\"><\/span><div class=\"wp-block-cover__inner-container is-layout-flow wp-block-cover-is-layout-flow\">\n<div class=\"wp-block-group is-layout-flex wp-container-core-group-is-layout-cbdc0839 wp-block-group-is-layout-flex\">\n<div class=\"wp-block-group wp-container-content-9cfa9a5a is-layout-flow wp-container-core-group-is-layout-7f9c660f wp-block-group-is-layout-flow\">\n<p class=\"has-text-align-left has-base-2-color has-text-color has-large-font-size wp-block-paragraph\">Muchas gracias por haber llegado hasta aqu\u00ed.<br>Hemos cerrado la llamada a ponentes y muy pronto comunicaremos la lista de los selecionados.<\/p>\n<\/div>\n<\/div>\n<\/div><\/div>\n\n\n\n<div class=\"wp-block-columns is-layout-flex wp-container-core-columns-is-layout-552aae13 wp-block-columns-is-layout-flex\">\n<div class=\"wp-block-column is-layout-flow wp-block-column-is-layout-flow\" style=\"flex-basis:70%\"><\/div>\n\n\n\n<div class=\"wp-block-column is-layout-flow wp-block-column-is-layout-flow\" style=\"flex-basis:30%\"><\/div>\n<\/div>\n<\/div>\n\n\n\n<div style=\"height:50px\" aria-hidden=\"true\" class=\"wp-block-spacer\"><\/div>\n\n\n\n<div class=\"wp-block-group alignfull has-custom-gris-background-color has-background is-vertical is-content-justification-center is-layout-flex wp-container-core-group-is-layout-bc8efb02 wp-block-group-is-layout-flex\" style=\"padding-top:80px;padding-right:30px;padding-bottom:80px;padding-left:30px\">\n<div class=\"wp-block-group has-global-padding is-layout-constrained wp-block-group-is-layout-constrained\">\n<h2 class=\"wp-block-heading has-text-align-left has-custom-vigo-color has-text-color has-link-color wp-elements-e4687edcf0e781f6adcaf3b2991b398b\" style=\"margin-bottom:10px;font-size:clamp(39.963px, 2.498rem + ((1vw - 3.2px) * 3.65), 75px);text-transform:uppercase\"><a href=\"https:\/\/vigo.wordcamp.org\/2024\/llamada-patrocinadores\/\" data-type=\"link\" data-id=\"https:\/\/vigo.wordcamp.org\/2024\/llamada-patrocinadores\/\"><strong><strong>\u00bfQuieres <\/strong><\/strong><br><strong><strong>colaborar m\u00e1s?<\/strong><\/strong><\/a><\/h2>\n\n\n\n<h3 class=\"wp-block-heading has-text-align-left has-contrast-color has-text-color has-link-color wp-elements-722bea92e3dfe8d56fe74e2657477b85\" style=\"font-size:clamp(18.959px, 1.185rem + ((1vw - 3.2px) * 1.15), 30px);text-transform:uppercase\"><strong><a href=\"https:\/\/vigo.wordcamp.org\/2024\/llamada-patrocinadores\/\"><strong>Tambi\u00e9n puedes <strong>ser patrocinador<\/strong><\/strong> <\/a><\/strong><\/h3>\n<\/div>\n<\/div>\n\n\n\n<div style=\"height:50px\" aria-hidden=\"true\" class=\"wp-block-spacer\"><\/div>\n","protected":false},"excerpt":{"rendered":"<p>Llamada a Ponentes \u00a1Participa! Contamos contigo Participa como ponente en la primera WordCamp de Vigo Aprovecha la oportunidad de mostrarte como referente en tu tema y s\u00famale calidad al evento. \u00a1Contamos contigo! Esta primera WordCamp de Vigo se celebra del 24 al 26 de mayo en el Palacio de Vigo. Queremos ofrecer 28 ponencias relacionadas [&hellip;]<\/p>\n","protected":false},"author":14991880,"featured_media":0,"parent":0,"menu_order":20,"comment_status":"closed","ping_status":"closed","template":"page-no-title","meta":{"_crdt_document":"","advanced_seo_description":"","jetpack_seo_html_title":"","jetpack_seo_noindex":false,"jetpack_post_was_ever_published":false,"footnotes":""},"class_list":["post-421","page","type-page","status-publish","hentry"],"jetpack_sharing_enabled":false,"jetpack_likes_enabled":true,"jetpack_shortlink":"https:\/\/wp.me\/Pftev6-6N","_links":{"self":[{"href":"https:\/\/vigo.wordcamp.org\/2024\/wp-json\/wp\/v2\/pages\/421","targetHints":{"allow":["GET"]}}],"collection":[{"href":"https:\/\/vigo.wordcamp.org\/2024\/wp-json\/wp\/v2\/pages"}],"about":[{"href":"https:\/\/vigo.wordcamp.org\/2024\/wp-json\/wp\/v2\/types\/page"}],"author":[{"embeddable":true,"href":"https:\/\/vigo.wordcamp.org\/2024\/wp-json\/wp\/v2\/users\/14991880"}],"replies":[{"embeddable":true,"href":"https:\/\/vigo.wordcamp.org\/2024\/wp-json\/wp\/v2\/comments?post=421"}],"version-history":[{"count":90,"href":"https:\/\/vigo.wordcamp.org\/2024\/wp-json\/wp\/v2\/pages\/421\/revisions"}],"predecessor-version":[{"id":3523,"href":"https:\/\/vigo.wordcamp.org\/2024\/wp-json\/wp\/v2\/pages\/421\/revisions\/3523"}],"wp:attachment":[{"href":"https:\/\/vigo.wordcamp.org\/2024\/wp-json\/wp\/v2\/media?parent=421"}],"curies":[{"name":"wp","href":"https:\/\/api.w.org\/{rel}","templated":true}]}}

<div class="wp-block-group alignfull wcv-header-title has-custom-gris-background-color has-background has-global-padding is-layout-constrained wp-block-group-is-layout-constrained" style="padding-top:180px;padding-bottom:50px;background-image:url(&apos;https://vigo.wordcamp.org/2024/files/2024/03/2024-1.png&apos;);background-position:100% 0%;background-repeat:no-repeat;background-size:contain;">
<h1 class="wp-block-heading has-custom-vigo-color has-text-color has-link-color wp-elements-dd6073891a759a5db08cf24453960b5b" style="margin-bottom:0px;font-size:clamp(27.894px, 1.743rem + ((1vw - 3.2px) * 2.094), 48px);"><strong>Llamada a Ponentes</strong></h1>



<h2 class="wp-block-heading has-contrast-color has-text-color has-link-color wp-elements-685758f609a6062ebc988987c9917a0b" style="margin-top:0px;margin-bottom:0px;font-size:clamp(22.041px, 1.378rem + ((1vw - 3.2px) * 1.454), 36px);">¡Participa! Contamos contigo</h2>



<div class="wp-block-buttons is-layout-flex wp-block-buttons-is-layout-flex">
<div class="wp-block-button"><a class="wp-block-button__link has-custom-vigo-background-color has-background wp-element-button" href="#quiero-ser-ponente">¡Me apunto!</a></div>
</div>
</div>



<div class="wp-block-group has-global-padding is-layout-constrained wp-block-group-is-layout-constrained" style="padding-top:50px;padding-bottom:50px">
<h2 class="wp-block-heading has-large-font-size" style="font-style:normal;font-weight:400"><strong>Participa como ponente </strong><br><strong>en la primera WordCamp de Vigo</strong></h2>



<p class="wp-block-paragraph">Aprovecha la oportunidad de mostrarte como referente en tu tema y súmale calidad al evento. <strong>¡Contamos contigo!</strong></p>



<p class="wp-block-paragraph">Esta primera WordCamp de Vigo se celebra del <strong>24 al 26 de mayo en el Palacio de Vigo</strong>. Queremos ofrecer 28 ponencias relacionadas con el <strong>diseño, el desarrollo web y el marketing online</strong>. Serán charlas de <strong>30 minutos </strong>siempre con el objetivo de<strong> compartir tu conocimiento, inspirar </strong>y contribuir al crecimiento de las personas que te escuchan. Por eso <strong>no están permitidas charlas ni talleres sobre una marca</strong>.</p>



<p class="wp-block-paragraph">La charla no puede tener intención comercial. Por lo demás, puedes darle a tu ponencia el enfoque que quieras. <strong>La WordCamp de Vigo está abierta a todo el mundo, </strong>así que puedes dirigirte a personas con cualquier nivel de conocimiento tecnológico, sean principiantes o techies declarados. ¡Anímate! Tienes <strong>hasta el 30 de abril</strong> para enviarnos tu propuesta. </p>
</div>



<div id="quiero-ser-ponente" class="wp-block-group has-global-padding is-layout-constrained wp-block-group-is-layout-constrained" style="padding-top:30px;padding-bottom:30px">
<h2 class="wp-block-heading has-custom-vigo-color has-text-color has-link-color wp-elements-0e0105e32413423ba4a95d9771c836d3"><strong>Tu ponencia</strong></h2>



<div class="wp-block-cover has-aspect-ratio" style="margin-top:0;padding-top:15px;padding-right:15px;padding-bottom:15px;padding-left:15px;aspect-ratio:auto;height:unset;min-height:unset;"><span aria-hidden="true" class="wp-block-cover__background has-custom-vigo-background-color has-background-dim-100 has-background-dim"></span><div class="wp-block-cover__inner-container is-layout-flow wp-block-cover-is-layout-flow">
<div class="wp-block-group is-layout-flex wp-container-core-group-is-layout-cbdc0839 wp-block-group-is-layout-flex">
<div class="wp-block-group wp-container-content-9cfa9a5a is-layout-flow wp-container-core-group-is-layout-7f9c660f wp-block-group-is-layout-flow">
<p class="has-text-align-left has-base-2-color has-text-color has-large-font-size wp-block-paragraph">Muchas gracias por haber llegado hasta aquí.<br>Hemos cerrado la llamada a ponentes y muy pronto comunicaremos la lista de los selecionados.</p>
</div>
</div>
</div></div>



<div class="wp-block-columns is-layout-flex wp-container-core-columns-is-layout-552aae13 wp-block-columns-is-layout-flex">
<div class="wp-block-column is-layout-flow wp-block-column-is-layout-flow" style="flex-basis:70%"></div>



<div class="wp-block-column is-layout-flow wp-block-column-is-layout-flow" style="flex-basis:30%"></div>
</div>
</div>



<div style="height:50px" aria-hidden="true" class="wp-block-spacer"></div>



<div class="wp-block-group alignfull has-custom-gris-background-color has-background is-vertical is-content-justification-center is-layout-flex wp-container-core-group-is-layout-bc8efb02 wp-block-group-is-layout-flex" style="padding-top:80px;padding-right:30px;padding-bottom:80px;padding-left:30px">
<div class="wp-block-group has-global-padding is-layout-constrained wp-block-group-is-layout-constrained">
<h2 class="wp-block-heading has-text-align-left has-custom-vigo-color has-text-color has-link-color wp-elements-e4687edcf0e781f6adcaf3b2991b398b" style="margin-bottom:10px;font-size:clamp(39.963px, 2.498rem + ((1vw - 3.2px) * 3.65), 75px);text-transform:uppercase"><a href="https://vigo.wordcamp.org/2024/llamada-patrocinadores/" data-type="link" data-id="https://vigo.wordcamp.org/2024/llamada-patrocinadores/"><strong><strong>¿Quieres </strong></strong><br><strong><strong>colaborar más?</strong></strong></a></h2>



<h3 class="wp-block-heading has-text-align-left has-contrast-color has-text-color has-link-color wp-elements-722bea92e3dfe8d56fe74e2657477b85" style="font-size:clamp(18.959px, 1.185rem + ((1vw - 3.2px) * 1.15), 30px);text-transform:uppercase"><strong><a href="https://vigo.wordcamp.org/2024/llamada-patrocinadores/"><strong>También puedes <strong>ser patrocinador</strong></strong> </a></strong></h3>
</div>
</div>



<div style="height:50px" aria-hidden="true" class="wp-block-spacer"></div>

<p>Llamada a Ponentes ¡Participa! Contamos contigo Participa como ponente en la primera WordCamp de Vigo Aprovecha la oportunidad de mostrarte como referente en tu tema y súmale calidad al evento. ¡Contamos contigo! Esta primera WordCamp de Vigo se celebra del 24 al 26 de mayo en el Palacio de Vigo. Queremos ofrecer 28 ponencias relacionadas [&hellip;]</p>
