{"id":3822,"date":"2024-05-05T01:52:25","date_gmt":"2024-05-04T23:52:25","guid":{"rendered":"https:\/\/vigo.wordcamp.org\/2024\/?page_id=3822"},"modified":"2024-05-05T21:54:33","modified_gmt":"2024-05-05T19:54:33","slug":"paseo-turistico-en-barco-por-la-ria-de-vigo","status":"publish","type":"page","link":"https:\/\/vigo.wordcamp.org\/2024\/paseo-turistico-en-barco-por-la-ria-de-vigo\/","title":{"rendered":"Paseo tur\u00edstico en barco por la R\u00eda de Vigo"},"content":{"rendered":"\n<div class=\"wp-block-group alignfull wcv-header-title has-custom-gris-background-color has-background has-global-padding is-layout-constrained wp-block-group-is-layout-constrained\" style=\"padding-top:180px;padding-bottom:50px;background-image:url(&apos;https:\/\/vigo.wordcamp.org\/2024\/files\/2024\/03\/2024-1.png&apos;);background-position:100% 0%;background-repeat:no-repeat;background-size:contain;\">\n<h1 class=\"wp-block-heading has-custom-vigo-color has-text-color has-link-color wp-elements-038b8b1439a714c9a645e7ecd66195d2\" style=\"margin-bottom:0px;font-size:clamp(27.894px, 1.743rem + ((1vw - 3.2px) * 2.094), 48px);\"><strong>Conoce Vigo y su R\u00eda en barco<\/strong><\/h1>\n\n\n\n<h2 class=\"wp-block-heading has-contrast-color has-text-color has-link-color wp-elements-c5196802f8e4d0b2e6f9cf93100657b3\" style=\"margin-top:0px;margin-bottom:0px;font-size:clamp(22.041px, 1.378rem + ((1vw - 3.2px) * 1.454), 36px);\">El Concello de Vigo y la Conceller\u00eda de Turismo te invitan a conocer Vigo en barco.<\/h2>\n<\/div>\n\n\n\n<div class=\"wp-block-group has-global-padding is-layout-constrained wp-block-group-is-layout-constrained\" style=\"padding-top:50px;padding-bottom:30px\">\n<p class=\"wp-block-paragraph\">Gracias al Concello de Vigo y a la Conceller\u00eda de Turismo podr\u00e1s conocer Vigo y su R\u00eda a bordo de un barco la <strong>noche del s\u00e1bado 25 de mayo<\/strong>.<\/p>\n\n\n\n<p class=\"wp-block-paragraph\"><strong>Las plazas son limitadas y se asignan por orden de solicitud.<br><\/strong>Recibir\u00e1s las instrucciones para inscribirte en esta actividad en el correo electr\u00f3nico de confirmaci\u00f3n de la compra de entrada.<\/p>\n\n\n\n<div style=\"height:30px\" aria-hidden=\"true\" class=\"wp-block-spacer\"><\/div>\n\n\n\n<div class=\"wp-block-columns is-layout-flex wp-container-core-columns-is-layout-3a88641f wp-block-columns-is-layout-flex\">\n<div class=\"wp-block-column is-layout-flow wp-block-column-is-layout-flow\" style=\"flex-basis:40%\">\n<p class=\"wp-block-paragraph\">Barco tur\u00edstico por la R\u00eda de Vigo<\/p>\n\n\n\n<h2 class=\"wp-block-heading has-large-font-size\">Sum\u00e9rgete en una ruta panor\u00e1mica desde el mar descubriendo las tradiciones, la historia y los pueblos de la R\u00eda de Vigo.<\/h2>\n\n\n\n<p class=\"wp-block-paragraph\">Adem\u00e1s, conocer\u00e1s la importancia de su industria pesquera y naval. Siempre con las&nbsp;<strong>Islas C\u00edes<\/strong>&nbsp;en el horizonte descubriremos el&nbsp;<strong>skyline de Vigo<\/strong>&nbsp;y las villas marineras de&nbsp;<strong>Cangas<\/strong>,&nbsp;<strong>Moa\u00f1a<\/strong>. Las conserveras, balleneras y los astilleros. Navegaremos entre las bateas y pasaremos bajo el&nbsp;<strong>puente de Rande<\/strong>, lugar donde tuvo lugar la Batalla de Rande.<\/p>\n\n\n\n<figure class=\"wp-block-image size-full\"><img data-recalc-dims=\"1\" loading=\"lazy\" decoding=\"async\" width=\"600\" height=\"600\" src=\"https:\/\/i0.wp.com\/vigo.wordcamp.org\/2024\/files\/2024\/05\/ruta-barco-turistico.png?resize=600%2C600&#038;ssl=1\" alt=\"ruta barco turistico\" class=\"wp-image-3863\" srcset=\"https:\/\/i0.wp.com\/vigo.wordcamp.org\/2024\/files\/2024\/05\/ruta-barco-turistico.png?w=600&amp;ssl=1 600w, https:\/\/i0.wp.com\/vigo.wordcamp.org\/2024\/files\/2024\/05\/ruta-barco-turistico.png?resize=300%2C300&amp;ssl=1 300w\" sizes=\"auto, (max-width: 600px) 100vw, 600px\" \/><\/figure>\n<\/div>\n\n\n\n<div class=\"wp-block-column is-vertically-aligned-top is-layout-flow wp-block-column-is-layout-flow\" style=\"flex-basis:60%\">\n<figure class=\"wp-block-image size-full\"><img data-recalc-dims=\"1\" loading=\"lazy\" decoding=\"async\" width=\"1200\" height=\"1600\" src=\"https:\/\/i0.wp.com\/vigo.wordcamp.org\/2024\/files\/2024\/05\/Vigo-desde-el-mar-1.jpg?resize=1200%2C1600&#038;ssl=1\" alt=\"Vigo desde el mar\" class=\"wp-image-3838\" srcset=\"https:\/\/i0.wp.com\/vigo.wordcamp.org\/2024\/files\/2024\/05\/Vigo-desde-el-mar-1.jpg?w=1200&amp;ssl=1 1200w, https:\/\/i0.wp.com\/vigo.wordcamp.org\/2024\/files\/2024\/05\/Vigo-desde-el-mar-1.jpg?resize=768%2C1024&amp;ssl=1 768w, https:\/\/i0.wp.com\/vigo.wordcamp.org\/2024\/files\/2024\/05\/Vigo-desde-el-mar-1.jpg?resize=225%2C300&amp;ssl=1 225w, https:\/\/i0.wp.com\/vigo.wordcamp.org\/2024\/files\/2024\/05\/Vigo-desde-el-mar-1.jpg?resize=1152%2C1536&amp;ssl=1 1152w\" sizes=\"auto, (max-width: 1000px) 100vw, 1000px\" \/><\/figure>\n<\/div>\n<\/div>\n\n\n\n<div style=\"height:60px\" aria-hidden=\"true\" class=\"wp-block-spacer\"><\/div>\n<\/div>\n\n\n\n<div class=\"wp-block-group has-global-padding is-layout-constrained wp-block-group-is-layout-constrained\">\n<p class=\"wp-block-paragraph\">Alternativamente, si prefieres quedarte en tierra firme, el Concello y la Conceller\u00eda de Turismo tambi\u00e9n te dan la oportunidad de hacer un tour en autob\u00fas por la ciudad.<\/p>\n\n\n\n<figure class=\"wp-block-image size-full\"><img data-recalc-dims=\"1\" loading=\"lazy\" decoding=\"async\" width=\"1200\" height=\"675\" src=\"https:\/\/i0.wp.com\/vigo.wordcamp.org\/2024\/files\/2024\/05\/bus-turistico-vigo.jpg?resize=1200%2C675&#038;ssl=1\" alt=\"bus turistico vigo\" class=\"wp-image-3879\" srcset=\"https:\/\/i0.wp.com\/vigo.wordcamp.org\/2024\/files\/2024\/05\/bus-turistico-vigo.jpg?w=1200&amp;ssl=1 1200w, https:\/\/i0.wp.com\/vigo.wordcamp.org\/2024\/files\/2024\/05\/bus-turistico-vigo.jpg?resize=768%2C432&amp;ssl=1 768w, https:\/\/i0.wp.com\/vigo.wordcamp.org\/2024\/files\/2024\/05\/bus-turistico-vigo.jpg?resize=500%2C281&amp;ssl=1 500w\" sizes=\"auto, (max-width: 1000px) 100vw, 1000px\" \/><\/figure>\n\n\n\n<p class=\"wp-block-paragraph\">Desde la planta descubierta del&nbsp;<strong>bus tur\u00edstico de Vigo<\/strong>&nbsp;podr\u00e1s visitar algunas de las zonas m\u00e1s emblem\u00e1ticas de la ciudad. Gracias al sistema de locuci\u00f3n, disponible en&nbsp;<strong>varios idiomas<\/strong>, descubrir\u00e1s que entre las calles&nbsp;<strong>Policarpo Sanz y Garc\u00eda Barb\u00f3n<\/strong>&nbsp;se concentra la mayor parte de la oferta muse\u00edstica de Vigo o, la identidad de los personajes que dan nombre a dichas calles. El&nbsp;<strong>tour tur\u00edstico<\/strong>&nbsp;pasa por el mejor mirador sobre la&nbsp;r\u00eda de Vigo, te descubrir\u00e1 la aut\u00e9ntica ciudad en barrios como&nbsp;<strong>Bouzas<\/strong>&nbsp;y te llevar\u00e1 hasta las maravillosas&nbsp;<strong>playas<\/strong> de Vigo.<\/p>\n\n\n\n<div style=\"height:50px\" aria-hidden=\"true\" class=\"wp-block-spacer\"><\/div>\n<\/div>\n\n\n\n<div class=\"wp-block-cover has-aspect-ratio\" style=\"margin-top:0;padding-top:15px;padding-right:15px;padding-bottom:15px;padding-left:15px;aspect-ratio:auto;height:unset;min-height:unset;\"><span aria-hidden=\"true\" class=\"wp-block-cover__background has-custom-vigo-background-color has-background-dim-100 has-background-dim\"><\/span><div class=\"wp-block-cover__inner-container is-layout-flow wp-block-cover-is-layout-flow\">\n<div class=\"wp-block-group is-layout-flex wp-container-core-group-is-layout-cbdc0839 wp-block-group-is-layout-flex\">\n<div class=\"wp-block-group wp-container-content-9cfa9a5a is-layout-flow wp-container-core-group-is-layout-7f9c660f wp-block-group-is-layout-flow\">\n<p class=\"has-text-align-left has-base-2-color has-text-color has-medium-font-size wp-block-paragraph\"><strong>AVISO<\/strong>: Para embarcar a bordo del barco o hacer el tour en autob\u00fas es obligatorio presentar la credencial de asistente a la WordCamp.<\/p>\n<\/div>\n<\/div>\n<\/div><\/div>\n\n\n\n<div style=\"height:50px\" aria-hidden=\"true\" class=\"wp-block-spacer\"><\/div>\n","protected":false},"excerpt":{"rendered":"<p>Conoce Vigo y su R\u00eda en barco El Concello de Vigo y la Conceller\u00eda de Turismo te invitan a conocer Vigo en barco. Gracias al Concello de Vigo y a la Conceller\u00eda de Turismo podr\u00e1s conocer Vigo y su R\u00eda a bordo de un barco la noche del s\u00e1bado 25 de mayo. Las plazas son [&hellip;]<\/p>\n","protected":false},"author":6208082,"featured_media":0,"parent":0,"menu_order":0,"comment_status":"closed","ping_status":"closed","template":"page-no-title","meta":{"_crdt_document":"","advanced_seo_description":"","jetpack_seo_html_title":"","jetpack_seo_noindex":false,"jetpack_post_was_ever_published":false,"footnotes":""},"class_list":["post-3822","page","type-page","status-publish","hentry"],"jetpack_sharing_enabled":false,"jetpack_likes_enabled":true,"jetpack_shortlink":"https:\/\/wp.me\/Pftev6-ZE","_links":{"self":[{"href":"https:\/\/vigo.wordcamp.org\/2024\/wp-json\/wp\/v2\/pages\/3822","targetHints":{"allow":["GET"]}}],"collection":[{"href":"https:\/\/vigo.wordcamp.org\/2024\/wp-json\/wp\/v2\/pages"}],"about":[{"href":"https:\/\/vigo.wordcamp.org\/2024\/wp-json\/wp\/v2\/types\/page"}],"author":[{"embeddable":true,"href":"https:\/\/vigo.wordcamp.org\/2024\/wp-json\/wp\/v2\/users\/6208082"}],"replies":[{"embeddable":true,"href":"https:\/\/vigo.wordcamp.org\/2024\/wp-json\/wp\/v2\/comments?post=3822"}],"version-history":[{"count":10,"href":"https:\/\/vigo.wordcamp.org\/2024\/wp-json\/wp\/v2\/pages\/3822\/revisions"}],"predecessor-version":[{"id":3888,"href":"https:\/\/vigo.wordcamp.org\/2024\/wp-json\/wp\/v2\/pages\/3822\/revisions\/3888"}],"wp:attachment":[{"href":"https:\/\/vigo.wordcamp.org\/2024\/wp-json\/wp\/v2\/media?parent=3822"}],"curies":[{"name":"wp","href":"https:\/\/api.w.org\/{rel}","templated":true}]}}

Paseo turístico en barco por la Ría de Vigo

<div class="wp-block-group alignfull wcv-header-title has-custom-gris-background-color has-background has-global-padding is-layout-constrained wp-block-group-is-layout-constrained" style="padding-top:180px;padding-bottom:50px;background-image:url(&apos;https://vigo.wordcamp.org/2024/files/2024/03/2024-1.png&apos;);background-position:100% 0%;background-repeat:no-repeat;background-size:contain;">
<h1 class="wp-block-heading has-custom-vigo-color has-text-color has-link-color wp-elements-038b8b1439a714c9a645e7ecd66195d2" style="margin-bottom:0px;font-size:clamp(27.894px, 1.743rem + ((1vw - 3.2px) * 2.094), 48px);"><strong>Conoce Vigo y su Ría en barco</strong></h1>



<h2 class="wp-block-heading has-contrast-color has-text-color has-link-color wp-elements-c5196802f8e4d0b2e6f9cf93100657b3" style="margin-top:0px;margin-bottom:0px;font-size:clamp(22.041px, 1.378rem + ((1vw - 3.2px) * 1.454), 36px);">El Concello de Vigo y la Concellería de Turismo te invitan a conocer Vigo en barco.</h2>
</div>



<div class="wp-block-group has-global-padding is-layout-constrained wp-block-group-is-layout-constrained" style="padding-top:50px;padding-bottom:30px">
<p class="wp-block-paragraph">Gracias al Concello de Vigo y a la Concellería de Turismo podrás conocer Vigo y su Ría a bordo de un barco la <strong>noche del sábado 25 de mayo</strong>.</p>



<p class="wp-block-paragraph"><strong>Las plazas son limitadas y se asignan por orden de solicitud.<br></strong>Recibirás las instrucciones para inscribirte en esta actividad en el correo electrónico de confirmación de la compra de entrada.</p>



<div style="height:30px" aria-hidden="true" class="wp-block-spacer"></div>



<div class="wp-block-columns is-layout-flex wp-container-core-columns-is-layout-3a88641f wp-block-columns-is-layout-flex">
<div class="wp-block-column is-layout-flow wp-block-column-is-layout-flow" style="flex-basis:40%">
<p class="wp-block-paragraph">Barco turístico por la Ría de Vigo</p>



<h2 class="wp-block-heading has-large-font-size">Sumérgete en una ruta panorámica desde el mar descubriendo las tradiciones, la historia y los pueblos de la Ría de Vigo.</h2>



<p class="wp-block-paragraph">Además, conocerás la importancia de su industria pesquera y naval. Siempre con las&nbsp;<strong>Islas Cíes</strong>&nbsp;en el horizonte descubriremos el&nbsp;<strong>skyline de Vigo</strong>&nbsp;y las villas marineras de&nbsp;<strong>Cangas</strong>,&nbsp;<strong>Moaña</strong>. Las conserveras, balleneras y los astilleros. Navegaremos entre las bateas y pasaremos bajo el&nbsp;<strong>puente de Rande</strong>, lugar donde tuvo lugar la Batalla de Rande.</p>



<figure class="wp-block-image size-full"><img data-recalc-dims="1" loading="lazy" decoding="async" width="600" height="600" src="https://i0.wp.com/vigo.wordcamp.org/2024/files/2024/05/ruta-barco-turistico.png?resize=600%2C600&#038;ssl=1" alt="ruta barco turistico" class="wp-image-3863" srcset="https://i0.wp.com/vigo.wordcamp.org/2024/files/2024/05/ruta-barco-turistico.png?w=600&amp;ssl=1 600w, https://i0.wp.com/vigo.wordcamp.org/2024/files/2024/05/ruta-barco-turistico.png?resize=300%2C300&amp;ssl=1 300w" sizes="auto, (max-width: 600px) 100vw, 600px" /></figure>
</div>



<div class="wp-block-column is-vertically-aligned-top is-layout-flow wp-block-column-is-layout-flow" style="flex-basis:60%">
<figure class="wp-block-image size-full"><img data-recalc-dims="1" loading="lazy" decoding="async" width="1200" height="1600" src="https://i0.wp.com/vigo.wordcamp.org/2024/files/2024/05/Vigo-desde-el-mar-1.jpg?resize=1200%2C1600&#038;ssl=1" alt="Vigo desde el mar" class="wp-image-3838" srcset="https://i0.wp.com/vigo.wordcamp.org/2024/files/2024/05/Vigo-desde-el-mar-1.jpg?w=1200&amp;ssl=1 1200w, https://i0.wp.com/vigo.wordcamp.org/2024/files/2024/05/Vigo-desde-el-mar-1.jpg?resize=768%2C1024&amp;ssl=1 768w, https://i0.wp.com/vigo.wordcamp.org/2024/files/2024/05/Vigo-desde-el-mar-1.jpg?resize=225%2C300&amp;ssl=1 225w, https://i0.wp.com/vigo.wordcamp.org/2024/files/2024/05/Vigo-desde-el-mar-1.jpg?resize=1152%2C1536&amp;ssl=1 1152w" sizes="auto, (max-width: 1000px) 100vw, 1000px" /></figure>
</div>
</div>



<div style="height:60px" aria-hidden="true" class="wp-block-spacer"></div>
</div>



<div class="wp-block-group has-global-padding is-layout-constrained wp-block-group-is-layout-constrained">
<p class="wp-block-paragraph">Alternativamente, si prefieres quedarte en tierra firme, el Concello y la Concellería de Turismo también te dan la oportunidad de hacer un tour en autobús por la ciudad.</p>



<figure class="wp-block-image size-full"><img data-recalc-dims="1" loading="lazy" decoding="async" width="1200" height="675" src="https://i0.wp.com/vigo.wordcamp.org/2024/files/2024/05/bus-turistico-vigo.jpg?resize=1200%2C675&#038;ssl=1" alt="bus turistico vigo" class="wp-image-3879" srcset="https://i0.wp.com/vigo.wordcamp.org/2024/files/2024/05/bus-turistico-vigo.jpg?w=1200&amp;ssl=1 1200w, https://i0.wp.com/vigo.wordcamp.org/2024/files/2024/05/bus-turistico-vigo.jpg?resize=768%2C432&amp;ssl=1 768w, https://i0.wp.com/vigo.wordcamp.org/2024/files/2024/05/bus-turistico-vigo.jpg?resize=500%2C281&amp;ssl=1 500w" sizes="auto, (max-width: 1000px) 100vw, 1000px" /></figure>



<p class="wp-block-paragraph">Desde la planta descubierta del&nbsp;<strong>bus turístico de Vigo</strong>&nbsp;podrás visitar algunas de las zonas más emblemáticas de la ciudad. Gracias al sistema de locución, disponible en&nbsp;<strong>varios idiomas</strong>, descubrirás que entre las calles&nbsp;<strong>Policarpo Sanz y García Barbón</strong>&nbsp;se concentra la mayor parte de la oferta museística de Vigo o, la identidad de los personajes que dan nombre a dichas calles. El&nbsp;<strong>tour turístico</strong>&nbsp;pasa por el mejor mirador sobre la&nbsp;ría de Vigo, te descubrirá la auténtica ciudad en barrios como&nbsp;<strong>Bouzas</strong>&nbsp;y te llevará hasta las maravillosas&nbsp;<strong>playas</strong> de Vigo.</p>



<div style="height:50px" aria-hidden="true" class="wp-block-spacer"></div>
</div>



<div class="wp-block-cover has-aspect-ratio" style="margin-top:0;padding-top:15px;padding-right:15px;padding-bottom:15px;padding-left:15px;aspect-ratio:auto;height:unset;min-height:unset;"><span aria-hidden="true" class="wp-block-cover__background has-custom-vigo-background-color has-background-dim-100 has-background-dim"></span><div class="wp-block-cover__inner-container is-layout-flow wp-block-cover-is-layout-flow">
<div class="wp-block-group is-layout-flex wp-container-core-group-is-layout-cbdc0839 wp-block-group-is-layout-flex">
<div class="wp-block-group wp-container-content-9cfa9a5a is-layout-flow wp-container-core-group-is-layout-7f9c660f wp-block-group-is-layout-flow">
<p class="has-text-align-left has-base-2-color has-text-color has-medium-font-size wp-block-paragraph"><strong>AVISO</strong>: Para embarcar a bordo del barco o hacer el tour en autobús es obligatorio presentar la credencial de asistente a la WordCamp.</p>
</div>
</div>
</div></div>



<div style="height:50px" aria-hidden="true" class="wp-block-spacer"></div>

<p>Conoce Vigo y su Ría en barco El Concello de Vigo y la Concellería de Turismo te invitan a conocer Vigo en barco. Gracias al Concello de Vigo y a la Concellería de Turismo podrás conocer Vigo y su Ría a bordo de un barco la noche del sábado 25 de mayo. Las plazas son [&hellip;]</p>
