{"id":1063,"date":"2024-03-11T17:48:25","date_gmt":"2024-03-11T16:48:25","guid":{"rendered":"https:\/\/vigo.wordcamp.org\/2024\/?page_id=1063"},"modified":"2024-03-31T04:38:32","modified_gmt":"2024-03-31T03:38:32","slug":"blog","status":"publish","type":"page","link":"https:\/\/vigo.wordcamp.org\/2024\/blog\/","title":{"rendered":"Blog"},"content":{"rendered":"\n<div class=\"wp-block-group alignfull wcv-header-title has-custom-gris-background-color has-background has-global-padding is-layout-constrained wp-block-group-is-layout-constrained\" style=\"padding-top:180px;padding-bottom:50px;background-image:url(&apos;https:\/\/vigo.wordcamp.org\/2024\/files\/2024\/03\/2024-1.png&apos;);background-position:100% 0%;background-repeat:no-repeat;background-size:contain;\">\n<h1 class=\"wp-block-heading has-custom-vigo-color has-text-color has-link-color wp-elements-292e956ef604dc2a13c3b2b3e23e1333\" style=\"margin-bottom:0px;font-size:clamp(27.894px, 1.743rem + ((1vw - 3.2px) * 2.094), 48px);\"><strong>Blog<\/strong><\/h1>\n\n\n\n<h2 class=\"wp-block-heading has-contrast-color has-text-color has-link-color wp-elements-0330fa3da6b09492589e1a7db424a4b6\" style=\"margin-top:0px;margin-bottom:0px;font-size:clamp(22.041px, 1.378rem + ((1vw - 3.2px) * 1.454), 36px);\">Te contamos las novedades sobre la <strong>#WCVigo2024<\/strong><\/h2>\n<\/div>\n\n\n\n<div class=\"wp-block-query alignwide has-global-padding is-layout-constrained wp-block-query-is-layout-constrained\">\n\n\n<div class=\"wp-block-group is-layout-flow wp-block-group-is-layout-flow\" style=\"margin-top:0;margin-bottom:0;padding-top:0;padding-right:0;padding-bottom:0;padding-left:0\">\n<div style=\"height:50px\" aria-hidden=\"true\" class=\"wp-block-spacer\"><\/div>\n\n\n<ul class=\"columns-2 alignfull wp-block-post-template is-layout-grid wp-container-core-post-template-is-layout-afb18411 wp-block-post-template-is-layout-grid\"><li class=\"wp-block-post post-3596 post type-post status-publish format-standard has-post-thumbnail hentry category-vigo category-wordcamp\">\n<figure style=\"aspect-ratio:4\/3; padding-bottom:var(--wp--preset--spacing--20);margin-bottom:0;\" class=\"wp-block-post-featured-image\"><a href=\"https:\/\/vigo.wordcamp.org\/2024\/el-tesoro-de-rande\/\" target=\"_self\"  ><img data-recalc-dims=\"1\" loading=\"lazy\" decoding=\"async\" width=\"1280\" height=\"938\" src=\"https:\/\/i0.wp.com\/vigo.wordcamp.org\/2024\/files\/2024\/05\/el-tesoro-de-rande.jpg?resize=1280%2C938&#038;ssl=1\" class=\"attachment-post-thumbnail size-post-thumbnail wp-post-image\" alt=\"El tesoro de Rande\" style=\"border-radius:8px;width:100%;height:100%;object-fit:cover;\" srcset=\"https:\/\/i0.wp.com\/vigo.wordcamp.org\/2024\/files\/2024\/05\/el-tesoro-de-rande.jpg?w=1280&amp;ssl=1 1280w, https:\/\/i0.wp.com\/vigo.wordcamp.org\/2024\/files\/2024\/05\/el-tesoro-de-rande.jpg?resize=768%2C563&amp;ssl=1 768w, https:\/\/i0.wp.com\/vigo.wordcamp.org\/2024\/files\/2024\/05\/el-tesoro-de-rande.jpg?resize=409%2C300&amp;ssl=1 409w\" sizes=\"auto, (max-width: 1000px) 100vw, 1000px\" \/><\/a><\/figure>\n\n\n<div class=\"wp-block-group is-vertical is-nowrap is-layout-flex wp-container-core-group-is-layout-d81b84eb wp-block-group-is-layout-flex\" style=\"margin-top:var(--wp--preset--spacing--20);padding-top:0\"><h2 class=\"wp-block-post-title has-large-font-size wp-container-content-32e3a40d\"><a href=\"https:\/\/vigo.wordcamp.org\/2024\/el-tesoro-de-rande\/\" target=\"_self\" >El tesoro de Rande<\/a><\/h2>\n\n<div class=\"wp-block-template-part\">\n<div class=\"wp-block-group has-global-padding is-layout-constrained wp-block-group-is-layout-constrained\"><\/div>\n<\/div>\n\n<div class=\"wp-block-post-excerpt has-text-color has-contrast-2-color has-small-font-size wp-container-content-32e3a40d\"><p class=\"wp-block-post-excerpt__excerpt\">D\u00e9jame contarte una historia. En el a\u00f1o 1702, en la misma zona donde ahora se celebrar\u00e1 la WordCamp Vigo 2024, hubo una batalla naval conocida como la Batalla de Rande. Dos bandos, ingleses y espa\u00f1oles, lucharon ferozmente por el control del estrecho de Rande. Los ca\u00f1ones retumbaron y los barcos se balancearon furiosamente en el&hellip; <\/p><\/div>\n\n\n<div style=\"height:0px\" aria-hidden=\"true\" class=\"wp-block-spacer wp-container-content-32e3a40d\"><\/div>\n<\/div>\n\n<\/li><li class=\"wp-block-post post-3358 post type-post status-publish format-standard has-post-thumbnail hentry category-wordcamp\">\n<figure style=\"aspect-ratio:4\/3; padding-bottom:var(--wp--preset--spacing--20);margin-bottom:0;\" class=\"wp-block-post-featured-image\"><a href=\"https:\/\/vigo.wordcamp.org\/2024\/steve-jobs-tenia-razon\/\" target=\"_self\"  ><img data-recalc-dims=\"1\" loading=\"lazy\" decoding=\"async\" width=\"1024\" height=\"682\" src=\"https:\/\/i0.wp.com\/vigo.wordcamp.org\/2024\/files\/2024\/04\/steve-jobs.jpg?resize=1024%2C682&#038;ssl=1\" class=\"attachment-post-thumbnail size-post-thumbnail wp-post-image\" alt=\"Steve Jobs ten\u00eda raz\u00f3n\" style=\"border-radius:8px;width:100%;height:100%;object-fit:cover;\" srcset=\"https:\/\/i0.wp.com\/vigo.wordcamp.org\/2024\/files\/2024\/04\/steve-jobs.jpg?w=1024&amp;ssl=1 1024w, https:\/\/i0.wp.com\/vigo.wordcamp.org\/2024\/files\/2024\/04\/steve-jobs.jpg?resize=768%2C512&amp;ssl=1 768w, https:\/\/i0.wp.com\/vigo.wordcamp.org\/2024\/files\/2024\/04\/steve-jobs.jpg?resize=450%2C300&amp;ssl=1 450w\" sizes=\"auto, (max-width: 1000px) 100vw, 1000px\" \/><\/a><\/figure>\n\n\n<div class=\"wp-block-group is-vertical is-nowrap is-layout-flex wp-container-core-group-is-layout-d81b84eb wp-block-group-is-layout-flex\" style=\"margin-top:var(--wp--preset--spacing--20);padding-top:0\"><h2 class=\"wp-block-post-title has-large-font-size wp-container-content-32e3a40d\"><a href=\"https:\/\/vigo.wordcamp.org\/2024\/steve-jobs-tenia-razon\/\" target=\"_self\" >Steve Jobs ten\u00eda raz\u00f3n<\/a><\/h2>\n\n<div class=\"wp-block-template-part\">\n<div class=\"wp-block-group has-global-padding is-layout-constrained wp-block-group-is-layout-constrained\"><\/div>\n<\/div>\n\n<div class=\"wp-block-post-excerpt has-text-color has-contrast-2-color has-small-font-size wp-container-content-32e3a40d\"><p class=\"wp-block-post-excerpt__excerpt\">Steve Jobs, el legendario cofundador de Apple, era conocido por su visi\u00f3n innovadora y su capacidad para comunicar sus ideas a trav\u00e9s de principios claros y poderosos. En numerosas ocasiones, Jobs comparti\u00f3 su filosof\u00eda de \u00e9xito en 10 puntos clave. Hoy, queremos explorar c\u00f3mo estos principios pueden reflejarse en los beneficios de asistir a la&hellip; <\/p><\/div>\n\n\n<div style=\"height:0px\" aria-hidden=\"true\" class=\"wp-block-spacer wp-container-content-32e3a40d\"><\/div>\n<\/div>\n\n<\/li><li class=\"wp-block-post post-3349 post type-post status-publish format-standard has-post-thumbnail hentry category-turismo category-vigo\">\n<figure style=\"aspect-ratio:4\/3; padding-bottom:var(--wp--preset--spacing--20);margin-bottom:0;\" class=\"wp-block-post-featured-image\"><a href=\"https:\/\/vigo.wordcamp.org\/2024\/siguiendo-los-pasos-del-capitan-nemo\/\" target=\"_self\"  ><img data-recalc-dims=\"1\" loading=\"lazy\" decoding=\"async\" width=\"1706\" height=\"960\" src=\"https:\/\/i0.wp.com\/vigo.wordcamp.org\/2024\/files\/2024\/04\/nautilus.jpg?resize=1706%2C960&#038;ssl=1\" class=\"attachment-post-thumbnail size-post-thumbnail wp-post-image\" alt=\"Siguiendo los pasos del Capit\u00e1n Nemo\" style=\"border-radius:8px;width:100%;height:100%;object-fit:cover;\" srcset=\"https:\/\/i0.wp.com\/vigo.wordcamp.org\/2024\/files\/2024\/04\/nautilus.jpg?w=1706&amp;ssl=1 1706w, https:\/\/i0.wp.com\/vigo.wordcamp.org\/2024\/files\/2024\/04\/nautilus.jpg?resize=768%2C432&amp;ssl=1 768w, https:\/\/i0.wp.com\/vigo.wordcamp.org\/2024\/files\/2024\/04\/nautilus.jpg?resize=500%2C281&amp;ssl=1 500w, https:\/\/i0.wp.com\/vigo.wordcamp.org\/2024\/files\/2024\/04\/nautilus.jpg?resize=1536%2C864&amp;ssl=1 1536w\" sizes=\"auto, (max-width: 1000px) 100vw, 1000px\" \/><\/a><\/figure>\n\n\n<div class=\"wp-block-group is-vertical is-nowrap is-layout-flex wp-container-core-group-is-layout-d81b84eb wp-block-group-is-layout-flex\" style=\"margin-top:var(--wp--preset--spacing--20);padding-top:0\"><h2 class=\"wp-block-post-title has-large-font-size wp-container-content-32e3a40d\"><a href=\"https:\/\/vigo.wordcamp.org\/2024\/siguiendo-los-pasos-del-capitan-nemo\/\" target=\"_self\" >Siguiendo los pasos del Capit\u00e1n Nemo<\/a><\/h2>\n\n<div class=\"wp-block-template-part\">\n<div class=\"wp-block-group has-global-padding is-layout-constrained wp-block-group-is-layout-constrained\"><\/div>\n<\/div>\n\n<div class=\"wp-block-post-excerpt has-text-color has-contrast-2-color has-small-font-size wp-container-content-32e3a40d\"><p class=\"wp-block-post-excerpt__excerpt\">\u00bfSab\u00edas que el legendario Capit\u00e1n Nemo del Nautilus surc\u00f3 las aguas de la R\u00eda de Vigo? En la famosa novela de Julio Verne, \u00ab20.000 leguas de viaje submarino\u00bb, el Capit\u00e1n Nemo y su incre\u00edble submarino visitaron este rinc\u00f3n de Galicia, dejando una huella imborrable en la literatura y la imaginaci\u00f3n. Hoy en d\u00eda, la ciudad&hellip; <\/p><\/div>\n\n\n<div style=\"height:0px\" aria-hidden=\"true\" class=\"wp-block-spacer wp-container-content-32e3a40d\"><\/div>\n<\/div>\n\n<\/li><li class=\"wp-block-post post-3352 post type-post status-publish format-standard has-post-thumbnail hentry category-vigo category-wordcamp\">\n<figure style=\"aspect-ratio:4\/3; padding-bottom:var(--wp--preset--spacing--20);margin-bottom:0;\" class=\"wp-block-post-featured-image\"><a href=\"https:\/\/vigo.wordcamp.org\/2024\/empieza-la-cuenta-atras\/\" target=\"_self\"  ><img data-recalc-dims=\"1\" loading=\"lazy\" decoding=\"async\" width=\"1000\" height=\"666\" src=\"https:\/\/i0.wp.com\/vigo.wordcamp.org\/2024\/files\/2024\/04\/mar-de-vigo.jpeg?resize=1000%2C666&#038;ssl=1\" class=\"attachment-post-thumbnail size-post-thumbnail wp-post-image\" alt=\"Empieza la cuenta atr\u00e1s para la 1\u00aa WordCamp Vigo\" style=\"border-radius:8px;width:100%;height:100%;object-fit:cover;\" srcset=\"https:\/\/i0.wp.com\/vigo.wordcamp.org\/2024\/files\/2024\/04\/mar-de-vigo.jpeg?w=1000&amp;ssl=1 1000w, https:\/\/i0.wp.com\/vigo.wordcamp.org\/2024\/files\/2024\/04\/mar-de-vigo.jpeg?resize=768%2C511&amp;ssl=1 768w, https:\/\/i0.wp.com\/vigo.wordcamp.org\/2024\/files\/2024\/04\/mar-de-vigo.jpeg?resize=450%2C300&amp;ssl=1 450w\" sizes=\"auto, (max-width: 1000px) 100vw, 1000px\" \/><\/a><\/figure>\n\n\n<div class=\"wp-block-group is-vertical is-nowrap is-layout-flex wp-container-core-group-is-layout-d81b84eb wp-block-group-is-layout-flex\" style=\"margin-top:var(--wp--preset--spacing--20);padding-top:0\"><h2 class=\"wp-block-post-title has-large-font-size wp-container-content-32e3a40d\"><a href=\"https:\/\/vigo.wordcamp.org\/2024\/empieza-la-cuenta-atras\/\" target=\"_self\" >Empieza la cuenta atr\u00e1s para la 1\u00aa WordCamp Vigo<\/a><\/h2>\n\n<div class=\"wp-block-template-part\">\n<div class=\"wp-block-group has-global-padding is-layout-constrained wp-block-group-is-layout-constrained\"><\/div>\n<\/div>\n\n<div class=\"wp-block-post-excerpt has-text-color has-contrast-2-color has-small-font-size wp-container-content-32e3a40d\"><p class=\"wp-block-post-excerpt__excerpt\">Marca tus calendarios del 24 al 26 de Mayo, porque Vigo se va a convertir en el epicentro del talento local en el mundo WordPress con la llegada de la primera WordCamp Vigo. Desde sus comienzos como la MeetUp WordPress Vigo en 2018, hasta convertirse en un movimiento con m\u00e1s de 1600 asistentes y 48&hellip; <\/p><\/div>\n\n\n<div style=\"height:0px\" aria-hidden=\"true\" class=\"wp-block-spacer wp-container-content-32e3a40d\"><\/div>\n<\/div>\n\n<\/li><li class=\"wp-block-post post-2993 post type-post status-publish format-standard has-post-thumbnail hentry category-novedades category-vigo\">\n<figure style=\"aspect-ratio:4\/3; padding-bottom:var(--wp--preset--spacing--20);margin-bottom:0;\" class=\"wp-block-post-featured-image\"><a href=\"https:\/\/vigo.wordcamp.org\/2024\/wcvigo2024-talento-local\/\" target=\"_self\"  ><img data-recalc-dims=\"1\" loading=\"lazy\" decoding=\"async\" width=\"1470\" height=\"980\" src=\"https:\/\/i0.wp.com\/vigo.wordcamp.org\/2024\/files\/2024\/04\/talento-romano.jpg?resize=1470%2C980&#038;ssl=1\" class=\"attachment-post-thumbnail size-post-thumbnail wp-post-image\" alt=\"Talento local en #WCVigo2024\" style=\"border-radius:8px;width:100%;height:100%;object-fit:cover;\" srcset=\"https:\/\/i0.wp.com\/vigo.wordcamp.org\/2024\/files\/2024\/04\/talento-romano.jpg?w=1470&amp;ssl=1 1470w, https:\/\/i0.wp.com\/vigo.wordcamp.org\/2024\/files\/2024\/04\/talento-romano.jpg?resize=768%2C512&amp;ssl=1 768w, https:\/\/i0.wp.com\/vigo.wordcamp.org\/2024\/files\/2024\/04\/talento-romano.jpg?resize=450%2C300&amp;ssl=1 450w\" sizes=\"auto, (max-width: 1000px) 100vw, 1000px\" \/><\/a><\/figure>\n\n\n<div class=\"wp-block-group is-vertical is-nowrap is-layout-flex wp-container-core-group-is-layout-d81b84eb wp-block-group-is-layout-flex\" style=\"margin-top:var(--wp--preset--spacing--20);padding-top:0\"><h2 class=\"wp-block-post-title has-large-font-size wp-container-content-32e3a40d\"><a href=\"https:\/\/vigo.wordcamp.org\/2024\/wcvigo2024-talento-local\/\" target=\"_self\" >Talento local en #WCVigo2024<\/a><\/h2>\n\n<div class=\"wp-block-template-part\">\n<div class=\"wp-block-group has-global-padding is-layout-constrained wp-block-group-is-layout-constrained\"><\/div>\n<\/div>\n\n<div class=\"wp-block-post-excerpt has-text-color has-contrast-2-color has-small-font-size wp-container-content-32e3a40d\"><p class=\"wp-block-post-excerpt__excerpt\">En la antigua Roma, el talento significaba riqueza y habilidad, paralelamente al talento local en tecnolog\u00eda, vital para el desarrollo comunitario. En WordCamp, el talento local incluye creativos y expertos en WordPress que impulsan el ecosistema. La WordCamp Vigo 2024 enfatizar\u00e1 esto, inspirando a los asistentes a valorar y compartir sus habilidades, fortaleciendo la comunidad. <\/p><\/div>\n\n\n<div style=\"height:0px\" aria-hidden=\"true\" class=\"wp-block-spacer wp-container-content-32e3a40d\"><\/div>\n<\/div>\n\n<\/li><li class=\"wp-block-post post-2666 post type-post status-publish format-standard has-post-thumbnail hentry category-novedades category-vigo\">\n<figure style=\"aspect-ratio:4\/3; padding-bottom:var(--wp--preset--spacing--20);margin-bottom:0;\" class=\"wp-block-post-featured-image\"><a href=\"https:\/\/vigo.wordcamp.org\/2024\/wordcamp-se-escribe-con-v-de-vigo\/\" target=\"_self\"  ><img data-recalc-dims=\"1\" loading=\"lazy\" decoding=\"async\" width=\"2560\" height=\"1722\" src=\"https:\/\/i0.wp.com\/vigo.wordcamp.org\/2024\/files\/2024\/04\/madrid-se-escribe-con-v-de-vigo-scaled.jpg?resize=2560%2C1722&#038;ssl=1\" class=\"attachment-post-thumbnail size-post-thumbnail wp-post-image\" alt=\"WordCamp se escribe con V de Vigo\" style=\"border-radius:8px;width:100%;height:100%;object-fit:cover;\" srcset=\"https:\/\/i0.wp.com\/vigo.wordcamp.org\/2024\/files\/2024\/04\/madrid-se-escribe-con-v-de-vigo-scaled.jpg?w=2560&amp;ssl=1 2560w, https:\/\/i0.wp.com\/vigo.wordcamp.org\/2024\/files\/2024\/04\/madrid-se-escribe-con-v-de-vigo-scaled.jpg?resize=768%2C517&amp;ssl=1 768w, https:\/\/i0.wp.com\/vigo.wordcamp.org\/2024\/files\/2024\/04\/madrid-se-escribe-con-v-de-vigo-scaled.jpg?resize=446%2C300&amp;ssl=1 446w, https:\/\/i0.wp.com\/vigo.wordcamp.org\/2024\/files\/2024\/04\/madrid-se-escribe-con-v-de-vigo-scaled.jpg?resize=1536%2C1033&amp;ssl=1 1536w, https:\/\/i0.wp.com\/vigo.wordcamp.org\/2024\/files\/2024\/04\/madrid-se-escribe-con-v-de-vigo-scaled.jpg?resize=2048%2C1378&amp;ssl=1 2048w\" sizes=\"auto, (max-width: 1000px) 100vw, 1000px\" \/><\/a><\/figure>\n\n\n<div class=\"wp-block-group is-vertical is-nowrap is-layout-flex wp-container-core-group-is-layout-d81b84eb wp-block-group-is-layout-flex\" style=\"margin-top:var(--wp--preset--spacing--20);padding-top:0\"><h2 class=\"wp-block-post-title has-large-font-size wp-container-content-32e3a40d\"><a href=\"https:\/\/vigo.wordcamp.org\/2024\/wordcamp-se-escribe-con-v-de-vigo\/\" target=\"_self\" >WordCamp se escribe con V de Vigo<\/a><\/h2>\n\n<div class=\"wp-block-template-part\">\n<div class=\"wp-block-group has-global-padding is-layout-constrained wp-block-group-is-layout-constrained\"><\/div>\n<\/div>\n\n<div class=\"wp-block-post-excerpt has-text-color has-contrast-2-color has-small-font-size wp-container-content-32e3a40d\"><p class=\"wp-block-post-excerpt__excerpt\">\u00abLa movida\u00bb en Vigo durante los a\u00f1os 80 fue parte de un movimiento cultural y contracultural que se extendi\u00f3 por varias ciudades espa\u00f1olas, especialmente Madrid y Barcelona. <\/p><\/div>\n\n\n<div style=\"height:0px\" aria-hidden=\"true\" class=\"wp-block-spacer wp-container-content-32e3a40d\"><\/div>\n<\/div>\n\n<\/li><li class=\"wp-block-post post-1823 post type-post status-publish format-standard has-post-thumbnail hentry category-turismo category-vigo\">\n<figure style=\"aspect-ratio:4\/3; padding-bottom:var(--wp--preset--spacing--20);margin-bottom:0;\" class=\"wp-block-post-featured-image\"><a href=\"https:\/\/vigo.wordcamp.org\/2024\/que-ver-en-vigo-y-alrededores\/\" target=\"_self\"  ><img data-recalc-dims=\"1\" loading=\"lazy\" decoding=\"async\" width=\"1200\" height=\"900\" src=\"https:\/\/i0.wp.com\/vigo.wordcamp.org\/2024\/files\/2024\/03\/Puerto-deportivo-de-Vigo.jpg?resize=1200%2C900&#038;ssl=1\" class=\"attachment-post-thumbnail size-post-thumbnail wp-post-image\" alt=\"Qu\u00e9 ver en Vigo y alrededores\" style=\"border-radius:8px;width:100%;height:100%;object-fit:cover;\" srcset=\"https:\/\/i0.wp.com\/vigo.wordcamp.org\/2024\/files\/2024\/03\/Puerto-deportivo-de-Vigo.jpg?w=1200&amp;ssl=1 1200w, https:\/\/i0.wp.com\/vigo.wordcamp.org\/2024\/files\/2024\/03\/Puerto-deportivo-de-Vigo.jpg?resize=768%2C576&amp;ssl=1 768w, https:\/\/i0.wp.com\/vigo.wordcamp.org\/2024\/files\/2024\/03\/Puerto-deportivo-de-Vigo.jpg?resize=400%2C300&amp;ssl=1 400w\" sizes=\"auto, (max-width: 1000px) 100vw, 1000px\" \/><\/a><\/figure>\n\n\n<div class=\"wp-block-group is-vertical is-nowrap is-layout-flex wp-container-core-group-is-layout-d81b84eb wp-block-group-is-layout-flex\" style=\"margin-top:var(--wp--preset--spacing--20);padding-top:0\"><h2 class=\"wp-block-post-title has-large-font-size wp-container-content-32e3a40d\"><a href=\"https:\/\/vigo.wordcamp.org\/2024\/que-ver-en-vigo-y-alrededores\/\" target=\"_self\" >Qu\u00e9 ver en Vigo y alrededores<\/a><\/h2>\n\n<div class=\"wp-block-template-part\">\n<div class=\"wp-block-group has-global-padding is-layout-constrained wp-block-group-is-layout-constrained\"><\/div>\n<\/div>\n\n<div class=\"wp-block-post-excerpt has-text-color has-contrast-2-color has-small-font-size wp-container-content-32e3a40d\"><p class=\"wp-block-post-excerpt__excerpt\">En esta lista de sitios que ver en Vigo hay opciones para todos los gustos. Explora, elige los tuyos y \u00a1saca el m\u00e1ximo partido a tu visita! <\/p><\/div>\n\n\n<div style=\"height:0px\" aria-hidden=\"true\" class=\"wp-block-spacer wp-container-content-32e3a40d\"><\/div>\n<\/div>\n\n<\/li><li class=\"wp-block-post post-3 post type-post status-publish format-standard has-post-thumbnail hentry category-novedades\">\n<figure style=\"aspect-ratio:4\/3; padding-bottom:var(--wp--preset--spacing--20);margin-bottom:0;\" class=\"wp-block-post-featured-image\"><a href=\"https:\/\/vigo.wordcamp.org\/2024\/hola-wordcamp-vigo-2024\/\" target=\"_self\"  ><img data-recalc-dims=\"1\" loading=\"lazy\" decoding=\"async\" width=\"1080\" height=\"720\" src=\"https:\/\/i0.wp.com\/vigo.wordcamp.org\/2024\/files\/2024\/03\/wcv-mdv-01.jpg?resize=1080%2C720&#038;ssl=1\" class=\"attachment-post-thumbnail size-post-thumbnail wp-post-image\" alt=\"\u00a1Hola WordCamp Vigo 2024!\" style=\"border-radius:8px;width:100%;height:100%;object-fit:cover;\" srcset=\"https:\/\/i0.wp.com\/vigo.wordcamp.org\/2024\/files\/2024\/03\/wcv-mdv-01.jpg?w=1080&amp;ssl=1 1080w, https:\/\/i0.wp.com\/vigo.wordcamp.org\/2024\/files\/2024\/03\/wcv-mdv-01.jpg?resize=768%2C512&amp;ssl=1 768w, https:\/\/i0.wp.com\/vigo.wordcamp.org\/2024\/files\/2024\/03\/wcv-mdv-01.jpg?resize=450%2C300&amp;ssl=1 450w\" sizes=\"auto, (max-width: 1000px) 100vw, 1000px\" \/><\/a><\/figure>\n\n\n<div class=\"wp-block-group is-vertical is-nowrap is-layout-flex wp-container-core-group-is-layout-d81b84eb wp-block-group-is-layout-flex\" style=\"margin-top:var(--wp--preset--spacing--20);padding-top:0\"><h2 class=\"wp-block-post-title has-large-font-size wp-container-content-32e3a40d\"><a href=\"https:\/\/vigo.wordcamp.org\/2024\/hola-wordcamp-vigo-2024\/\" target=\"_self\" >\u00a1Hola WordCamp Vigo 2024!<\/a><\/h2>\n\n<div class=\"wp-block-template-part\">\n<div class=\"wp-block-group has-global-padding is-layout-constrained wp-block-group-is-layout-constrained\"><\/div>\n<\/div>\n\n<div class=\"wp-block-post-excerpt has-text-color has-contrast-2-color has-small-font-size wp-container-content-32e3a40d\"><p class=\"wp-block-post-excerpt__excerpt\">La WordCamp Vigo se celebrar\u00e1 los d\u00edas 24, 25 y 26 de mayo de 2024 en el Auditorio y Palacio de Congresos Mar de Vigo. <\/p><\/div>\n\n\n<div style=\"height:0px\" aria-hidden=\"true\" class=\"wp-block-spacer wp-container-content-32e3a40d\"><\/div>\n<\/div>\n\n<\/li><\/ul>\n\n\n<div style=\"margin-top:0;margin-bottom:0;height:var(--wp--preset--spacing--40)\" aria-hidden=\"true\" class=\"wp-block-spacer\"><\/div>\n\n\n<\/div>\n<\/div>\n","protected":false},"excerpt":{"rendered":"<p>Blog Te contamos las novedades sobre la #WCVigo2024<\/p>\n","protected":false},"author":89805,"featured_media":0,"parent":0,"menu_order":150,"comment_status":"closed","ping_status":"closed","template":"page-no-title","meta":{"_crdt_document":"","advanced_seo_description":"","jetpack_seo_html_title":"","jetpack_seo_noindex":false,"jetpack_post_was_ever_published":false,"footnotes":""},"class_list":["post-1063","page","type-page","status-publish","hentry"],"jetpack_sharing_enabled":true,"jetpack_likes_enabled":true,"jetpack_shortlink":"https:\/\/wp.me\/Pftev6-h9","_links":{"self":[{"href":"https:\/\/vigo.wordcamp.org\/2024\/wp-json\/wp\/v2\/pages\/1063","targetHints":{"allow":["GET"]}}],"collection":[{"href":"https:\/\/vigo.wordcamp.org\/2024\/wp-json\/wp\/v2\/pages"}],"about":[{"href":"https:\/\/vigo.wordcamp.org\/2024\/wp-json\/wp\/v2\/types\/page"}],"author":[{"embeddable":true,"href":"https:\/\/vigo.wordcamp.org\/2024\/wp-json\/wp\/v2\/users\/89805"}],"replies":[{"embeddable":true,"href":"https:\/\/vigo.wordcamp.org\/2024\/wp-json\/wp\/v2\/comments?post=1063"}],"version-history":[{"count":24,"href":"https:\/\/vigo.wordcamp.org\/2024\/wp-json\/wp\/v2\/pages\/1063\/revisions"}],"predecessor-version":[{"id":1952,"href":"https:\/\/vigo.wordcamp.org\/2024\/wp-json\/wp\/v2\/pages\/1063\/revisions\/1952"}],"wp:attachment":[{"href":"https:\/\/vigo.wordcamp.org\/2024\/wp-json\/wp\/v2\/media?parent=1063"}],"curies":[{"name":"wp","href":"https:\/\/api.w.org\/{rel}","templated":true}]}}